c + 38. Let y be i(-10). Let a = y - d. What are the prime factors of a?
13
Let x(o) = o**2 + 6*o - 10. Let v be x(-8). List the prime factors of 1/((-35)/12 - (3 - v)).
2, 3
List the prime factors of ((-170)/(-8))/(1/544*8).
5, 17
Let a be 4 + -4 + (-18)/(-2). Suppose -a*c = -10*c + 35. Suppose 4*q = -b + 84, -3*q - b - c = -99. What are the prime factors of q?
2, 5
Suppose -3*a - 5*a = -1368. What are the prime factors of a?
3, 19
Suppose 5*r = 6*r - 4*s - 87, -5*r + 457 = 2*s. What are the prime factors of r?
7, 13
Let m(q) = q + 129. What are the prime factors of m(19)?
2, 37
Let k(b) = 77*b + 178. List the prime factors of k(13).
3, 131
Suppose -17*p + 231 = -109. List the prime factors of p.
2, 5
Suppose 2*w = 1790 + 2454. List the prime factors of w.
2, 1061
Let h(l) = 18*l**3 - 3*l**2 - 8*l + 5. List the prime factors of h(4).
3, 359
Let g(w) = -w**3 + w**2 - 2*w + 82. Let y = -6 + 6. What are the prime factors of g(y)?
2, 41
Let o = 773 + 1020. What are the prime factors of o?
11, 163
Suppose -3*s = -9*s. Suppose s*u - 261 = -3*u. Suppose 0 = -17*z + 20*z - u. List the prime factors of z.
29
Let x = -27 + 33. Suppose 3 = 6*j - 3*j. Let g = j + x. List the prime factors of g.
7
Let j(a) = -18*a - 78. What are the prime factors of j(-31)?
2, 3, 5
What are the prime factors of ((-71)/(-426))/((-3)/(-66114))?
3673
Let n be 3*(1 - 6/(-9)). Suppose -n*v - 52 = -2*i + 95, i = -2*v + 96. What are the prime factors of i?
2, 43
Let k be (354/(-9))/(2/(-6)). Suppose -660 = -12*z - 10*z. Suppose -x + 2*s = s - z, -k = -4*x + 5*s. What are the prime factors of x?
2
Let k(o) = 6*o**2 - 14*o - 153. What are the prime factors of k(-7)?
239
Suppose 0 = 15*d - 7698 - 7827. What are the prime factors of d?
3, 5, 23
Suppose 1950 = 22*n - 7*n. List the prime factors of n.
2, 5, 13
Let h be (-468)/24 + (-2)/(-4). Let o = -16 - h. Suppose 0 = -o*t + 16 + 17. What are the prime factors of t?
11
Let h be (-1)/4*(-11 + -5 + 4). Suppose -h*r + 3*d = -4*r + 142, -4*r - 5*d = -575. List the prime factors of r.
5, 29
Let f(q) = 3*q**2 - 6*q - 20. Let x = 19 - 11. List the prime factors of f(x).
2, 31
Let h(x) be the first derivative of -x**2/2 + 52*x + 7. What are the prime factors of h(0)?
2, 13
Let l(m) = m - 6. Let z be l(0). List the prime factors of ((-21)/z)/((-3)/(-6)).
7
Let q = -17 - -19. Suppose q*h - 7*h = -335. List the prime factors of h.
67
Suppose -173 - 3839 = -4*s. Suppose 0 = l + 2*l - v - 761, 4*l + v - s = 0. What are the prime factors of (2/3)/(12/l)?
2, 7
Suppose 873 = -2*c + 4*c + 5*j, -5*c = j - 2194. What are the prime factors of c?
439
Let y = -3454 + 6361. List the prime factors of y.
3, 17, 19
Suppose 3*y + 1489 + 2496 = 4*k, 2*k + 5*y = 2025. List the prime factors of (1/(8/(-10)))/((-10)/k).
5
Let y = -55 + 32. Let v = -193 - -194. List the prime factors of v - y - (0 - -2).
2, 11
Let s = 1170 + -678. List the prime factors of s.
2, 3, 41
Let p = 19 - 15. Suppose -p*h = -h - 18. List the prime factors of (58/4)/(3/h).
29
Let p = -6420 - -10538. What are the prime factors of p?
2, 29, 71
Suppose -1928 - 168 = -4*l. Suppose -453 = -5*a - 5*f + 182, 4*a - 4*f = l. What are the prime factors of a?
3, 43
Let x(h) = -h**2 - 9*h + 1. Let o be x(-9). Let f(g) = -17*g**3 - g**2 + 1. Let s be f(o). Let c(r) = -2*r - 1. What are the prime factors of c(s)?
3, 11
Suppose 0 = -2*t - 2, -t + 139 = 2*o - 300. Let f = o - 145. What are the prime factors of f?
3, 5
Let o(v) = -v**2 + 5*v + 7. Let d be o(5). Suppose 5*l + m - 52 = -d, 2*l - 3*m = 1. Suppose -5*g = l - 233. What are the prime factors of g?
3, 5
Suppose -1245 = -8*b - 413. What are the prime factors of b?
2, 13
Let r(s) = s**2 - 20*s + 57. What are the prime factors of r(23)?
2, 3, 7
Suppose 3*g - 2*l = 3*l + 7, -9 = 4*g - 3*l. Let h be (g + 2)/2 + 6. Suppose -5*y + h*j = -53, -2*j - 29 = -4*y + 17. What are the prime factors of y?
13
Suppose 2*b - 627 = i, -5*i - 1123 + 165 = -3*b. Suppose 7*f + 325 = -3*v + 2*f, 3*v - 2*f = -b. Let k = -57 - v. What are the prime factors of k?
2, 3
List the prime factors of -2 + (-24)/(-15) - (-1236)/15.
2, 41
Suppose 6*r = 761 + 271. Suppose 0 = -3*j - j + r. List the prime factors of j.
43
Suppose -12188 = -35*c + 10422. What are the prime factors of c?
2, 17, 19
Let b(g) = g**3 - 9*g**2 + g + 8. Let h(d) = -2*d + 2. Let a be h(-3). Let i be b(a). What are the prime factors of (i/40)/((-4)/10)?
3
Let y(t) = 10*t - 32. What are the prime factors of y(5)?
2, 3
Let n(p) = p**3 - 6*p**2 + 3*p - 4. Let i = 20 - 14. Let z be n(i). Suppose b - z = -b. List the prime factors of b.
7
Let t be (1/3)/(3/72). Suppose -5*b = t + 7. Let m(q) = -q**3 - 2*q - 2. List the prime factors of m(b).
31
Let y(p) = p**2 + p + 2. Let f be y(-1). Suppose 0 = 4*j - d - 0*d - 355, 170 = f*j - 2*d. List the prime factors of j.
2, 3, 5
Let h(r) be the third derivative of -r**6/120 - r**5/60 + r**4/12 + r**3/2 + 10*r**2. Suppose 4*v + 2 = -10. What are the prime factors of h(v)?
3, 5
Let j(s) = s**3 - 5*s + 17. What are the prime factors of j(10)?
967
Let c(u) = 5*u + 15. Let d(t) = 4*t + 15. Let w(a) = 6*c(a) - 5*d(a). List the prime factors of w(7).
5, 17
Let j(g) = 13*g**2 - 7*g - 5*g**3 + 3*g**3 + 3*g**3 - 13. Let a be j(-10). What are the prime factors of a/(-14)*2/(-3)?
17
Suppose -4*b - 43 = 17. What are the prime factors of 30*(-1 - b/9)?
2, 5
Suppose 3*m = -6 - 6. Let s(g) = g**2 + 3*g. Let f be s(m). Suppose f*w - 95 = -w. What are the prime factors of w?
19
Suppose 1443 = -n + 2434. List the prime factors of n.
991
Let y = 4 + 17. Let z = 26 - y. Suppose -39 = -z*x + 4*x. List the prime factors of x.
3, 13
Let r = 84 - 84. Suppose -5*y + r*y = -955. List the prime factors of y.
191
Suppose 17*z = -4*z + 43848. List the prime factors of z.
2, 3, 29
Let d = 10 - 28. Let u be d - (-4)/((-2)/1). List the prime factors of 30*8*(-2)/u.
2, 3
Let b be ((-5)/(-3))/(-5)*0. Suppose -5*s + 3*k + 257 = b, s - 204 = -3*s + 2*k. List the prime factors of s.
7
Let q = -2546 + 5704. What are the prime factors of q?
2, 1579
Suppose -4*u = 3*k, 5*k + 2*u = -11 - 3. What are the prime factors of (-254 - -1)/(k + 3)?
11, 23
Suppose -21 = 4*o - o. Let s = 12 - o. Suppose c - s - 15 = 0. What are the prime factors of c?
2, 17
Let k be (-80)/(-14) + 4/14. What are the prime factors of k*(16/12)/4?
2
Let b = 11416 + -6290. What are the prime factors of b?
2, 11, 233
Suppose -2*j - 2001 = -5*j. List the prime factors of j.
23, 29
List the prime factors of (0 - (1769 + -3))*(-11)/22.
883
List the prime factors of (-147)/(-84) - 18951/(-12).
3, 17, 31
Let s(x) = -3*x + 1. Let m = 1 + -5. What are the prime factors of s(m)?
13
Let q = 575 - 273. List the prime factors of q.
2, 151
Let u(l) = -l**2 + 82*l - 94. What are the prime factors of u(32)?
2, 3, 251
What are the prime factors of 2 + (-2 + 6 - -1111)?
1117
Let g(p) = p + 7*p**2 + 9*p - 2*p**2 - 21 - 3*p. What are the prime factors of g(4)?
3, 29
Let q = 16 + -10. Suppose 2*p + 25 = -25. Let i = q - p. What are the prime factors of i?
31
What are the prime factors of (828/14)/(-4*2/(-56))?
2, 3, 23
Let s(n) be the first derivative of n**2/2 + 11*n - 3. Let f be s(-7). What are the prime factors of (-51)/(-15) - f/10?
3
Let z(q) be the third derivative of q**4/24 + q**3/3 + 5*q**2. Let j be z(-2). Suppose -h = -3*v + 2*v - 37, j = -v - 1. What are the prime factors of h?
2, 3
Let a(w) = -w**2 - 105*w - 43. List the prime factors of a(-23).
19, 97
Let i = 49 - 61. Let k(u) = 3*u + 40. What are the prime factors of k(i)?
2
Suppose 3 = -4*q + 11, -q + 1298 = 4*x. Let w = 601 - x. What are the prime factors of w?
277
Suppose -8 = -5*y + y. Suppose 3*a - 932 = -5*j, 2*a = -y*j - 2*a + 370. Suppose -4*f - 5*u = -j, -41 = -2*f + 3*u + 36. What are the prime factors of f?
43
Let t(l) = -7*l**2 - 8*l + 2. Let m(d) = 20*d**2 + 25*d - 5. Let q(c) = 6*m(c) + 17*t(c). List the prime factors of q(-19).
3, 11
What are the prime factors of (-8*2/(-20))/(40/13900)?
2, 139
Let i(c) = -43*c**2 + 7*c - 2. Let z(v) = 85*v**2 - 14*v + 5. Let n(p) = 11*i(p) + 6*z(p). What are the prime factors of n(2)?
2, 71
Let g(w) = -147*w - 129. List the prime factors of g(-16).
3, 13, 19
Let g(w) = 521*w + 36. What are the prime factors of g(2)?
2, 7, 11
Suppose f + 0 = -2*s